3 - 4*l**2 - 10*l + 8. Let r(j) = j**3 + 8*j**2 - 4*j + 6. Calculate the remainder when r(-8) is divided by y(6).
18
Suppose -d + 46 = 4*s - 58, 2*s + 4*d - 66 = 0. Calculate the remainder when 73 is divided by s.
23
Suppose -3 = -5*g - 23. What is the remainder when 7 is divided by 7/2 + (-2)/g?
3
Let m(t) = 24*t**2 - t. Let j be m(-1). Suppose g - s = 17, -g + 0*g - s = -j. Let d = g + -8. Calculate the remainder when d is divided by 7.
6
Let c be ((-4)/6)/((-4)/(-12)). What is the remainder when 28 is divided by -2 + -2 + (-28)/c?
8
Let l = 73 - 33. Suppose f = t + 6*f - 29, 4*f = -2*t + l. What is the remainder when 26 is divided by t?
12
Let g(v) = -v**2 + 9*v + 6. Let c be g(8). Suppose 5*n + 4 = c. Calculate the remainder when n is divided by -1 - (1 + 1)*-1.
0
Calculate the remainder when (-35)/(-2)*(7 - 1)/1 is divided by 27.
24
Let i(r) = r**2 + 14*r - 9. Suppose 2 = 3*w - 2*w + 4*s, -10 = -5*w + s. What is the remainder when ((-44)/(-6))/(w/3) is divided by i(-15)?
5
Let a(r) = -r - 1. Let k be a(-2). Let x = 36 + k. Suppose -w = -2*y + 6*y - 6, 12 = w - 2*y. What is the remainder when x is divided by w?
7
Let y be ((-24)/(-20))/((-3)/(-10)). Suppose -h + 270 = y*h. Calculate the remainder when h is divided by 14.
12
Suppose -2*a + 12 = -t, -3*t = -a - a + 16. What is the remainder when 22 is divided by a?
2
Let g = 13 + 16. Calculate the remainder when (-111)/(-2) - (-3)/(-6) is divided by g.
26
Let l(h) = -h**2 - 6*h - 1. Calculate the remainder when 186/14 - 4/14 is divided by l(-4).
6
Suppose -1 + 5 = -4*z. Suppose 4*j - 2*h - 30 = 2, 0 = j + h - 2. Calculate the remainder when -1 + z + 3*6 is divided by j.
4
Let w = -32 - -123. Calculate the remainder when w is divided by 25.
16
Suppose 5*s + 7 = 72. Suppose 11 = 2*k - s. What is the remainder when 22 is divided by k?
10
Suppose -5*i = 20, -1 - 2 = -g + 3*i. Let a = -7 - g. Let d(k) = -k**3 - 4*k**2 + 5*k + 2. What is the remainder when a is divided by d(-5)?
0
Suppose 0*h = -h - 3*m + 11, h = -2*m + 10. What is the remainder when h is divided by (-8)/(-12) + (-35)/(-15)?
2
Let g be 34 - (-4 - (3 - 5)). What is the remainder when 9 is divided by 116/g + (-2)/9?
0
Suppose 0*o - o = -9. Let k be 6/(-2 + 22/10). Suppose -k = -j - j. What is the remainder when j is divided by o?
6
Let q(m) = 3*m + 23. Calculate the remainder when 23 is divided by q(-5).
7
Let u(b) = -b. Let d(x) = 2*x + 1. Calculate the remainder when u(-2) is divided by d(0).
0
Let c be (2/(-4))/(1/(-2)). Let r = c - -5. Calculate the remainder when 16 is divided by r.
4
Suppose -4*w + 84 = -g, -118 = -w - 4*w - 2*g. Suppose -l + w = -3*n, -2*l - n = 4*n - 66. What is the remainder when 81 is divided by l?
25
Let n(x) = 3*x - 3. Let s = 1 - 1. Let v = 16 + s. What is the remainder when v is divided by n(3)?
4
Let z = 38 + -9. Let o(a) = -a**2 + 9*a + 10. What is the remainder when z is divided by o(9)?
9
Suppose 4 = 2*o - 0. Suppose 12 = o*y - 0. What is the remainder when 9 is divided by y?
3
Let a = -1 + 9. Let g(f) = -4 - 2 - a*f - f**2 + 0. What is the remainder when g(-7) is divided by 1?
0
Let j = 4 + -4. Let l be j + -1 + 0 + -1. Calculate the remainder when l/(-1) - 10/(-5) is divided by 3.
1
Let t(u) = u - 2. Let b be t(-5). Let m = b + 13. What is the remainder when ((-190)/(-15))/(4/m) is divided by 10?
9
Let u(o) = -o**3 - 5*o**2 + o - 3. Let c be u(-6). Suppose 12 = -4*b, -5*j = 3*b + 1 - c. What is the remainder when j is divided by 4?
3
Suppose 0 = -2*p + 1 + 21. Suppose -2*j = -3*j + 4. What is the remainder when p is divided by j?
3
Suppose 0 = z - 4 - 3. Suppose 5*r - 61 = 3*n, 7*r - 2*r - 59 = 2*n. Suppose -3*u + y + 4 = -6, 0 = 4*u + y - r. What is the remainder when z is divided by u?
1
Let l(h) = h**3 - 3*h**2 - 8*h + 5. Let y be l(5). Let w be 70/y + 2/(-3). Suppose -3 = w*g - 5*g. What is the remainder when 5 is divided by g?
2
Let l = -45 - -64. What is the remainder when 34 is divided by l?
15
Let c = 5 - 8. Calculate the remainder when (-86)/(c*(-2)/(-3)) is divided by 20/(-6)*18/(-4).
13
Let i(f) = 6*f - 4. What is the remainder when 39 is divided by i(2)?
7
Suppose -5*m + 0*m - 410 = -5*y, -338 = -4*y - m. Calculate the remainder when y is divided by 43.
41
Let a = -43 + 72. Suppose 0 = g + v - a, -v = -0*g + 3*g - 79. What is the remainder when g is divided by 13?
12
Let n = -23 + 5. Let v = -16 - n. Calculate the remainder when 6 is divided by v.
0
Suppose 65 = -5*a + 10*a. Calculate the remainder when 24 is divided by a.
11
Suppose -t + 18 + 50 = 0. What is the remainder when t is divided by 23?
22
Suppose 0 = -2*g + 3*g - 14. What is the remainder when g is divided by (-17 - -2)*4/(-12)?
4
Let r(v) = -v**3 + 7*v**2 + 2*v - 4. Let y be 1 - (-1 - -3) - -2. Suppose -2*u + 27 - y = 0. Calculate the remainder when r(3) is divided by u.
12
Suppose -4*t + 4 = 0, -4*t = -3*v - 0*t + 11. Suppose v*a = -3*y + 22, 5*y + 17 = 3*a + 3*y. Calculate the remainder when a is divided by 2.
1
Let j = 1 - -2. Let c = 8 - j. Suppose -r + 8 = -0*r. What is the remainder when r is divided by c?
3
Let b = 72 + -51. Calculate the remainder when b is divided by 8.
5
Suppose 3*a + 106 = -161. Let u = -50 - a. What is the remainder when u is divided by 10?
9
Suppose 5*s = 5*h + 210, -2*s = 5*h - 144 + 46. What is the remainder when s is divided by 9?
8
Calculate the remainder when 64 is divided by -10*1/4*-14.
29
Let w(t) = 2*t - 2. Suppose 0 = 5*g - 3 - 27. Calculate the remainder when 26 is divided by w(g).
6
Suppose -20 = -5*y, -k - k = -4*y + 4. Calculate the remainder when 11 is divided by k.
5
Let h(t) = t**3 - 16*t**2 - 16*t + 2. What is the remainder when 74 is divided by h(17)?
17
Let j(o) = -o + 2. What is the remainder when 26 is divided by j(-7)?
8
Suppose -p + 5 = 4*p. Let s be -14 + 1 + -2*p. Let c = 28 + s. Calculate the remainder when 37 is divided by c.
11
Suppose 0 = -0*a - 5*a + 85. Calculate the remainder when a is divided by 5.
2
Let a(r) = -r**3 + 13*r**2 + 34*r - 9. Calculate the remainder when a(15) is divided by 14.
9
Suppose -6 = -3*x, 3*s + 1 = 2*s + 2*x. Suppose f - 6 + 34 = 4*b, s*b - 5*f = 21. Calculate the remainder when 20 is divided by b.
6
Suppose -83 + 298 = 5*f. What is the remainder when f is divided by 12?
7
Suppose y = -2*y + 138. Let a be (-9)/(-45) - 2/10. Suppose a = t - 14 + 2. What is the remainder when y is divided by t?
10
Let x = -85 - -99. What is the remainder when 69 is divided by x?
13
Let x = -5 - -33. Suppose 4*s - 68 = 4*c, -6*s + 3*s + 39 = c. Let v = x - s. Calculate the remainder when v is divided by 5.
4
Let v(k) = -k**3 + 8*k**2 + 5*k + 36. What is the remainder when v(8) is divided by 11?
10
Suppose 23 + 82 = 7*r. What is the remainder when 58 is divided by r?
13
Calculate the remainder when 106 is divided by 25 + 1 + (-20)/5.
18
Let o be (0 - 2 - -3) + 20. Let r = 45 - o. Calculate the remainder when 45 is divided by r.
21
Let t(m) = -8*m + 8. Let p be t(-8). Let f = -34 + p. What is the remainder when f is divided by 20?
18
Calculate the remainder when 137 is divided by (180/35)/(-3*(-2)/42).
29
Let u = 55 - 39. Suppose -u = -3*f - b, 2*b - 12 = -2*f - 0*b. Suppose 5*k - 3*j = 48, -f*k + 3*k + j = -19. What is the remainder when 33 is divided by k?
6
Suppose -2*z + 6*z - 48 = 0. Calculate the remainder when z is divided by 5.
2
Let l be 2/7 + (-1670)/(-35). Suppose -2*i = -6*i + l. What is the remainder when 33 is divided by i?
9
Calculate the remainder when 27 is divided by 87/9 - (-7)/21.
7
What is the remainder when 15 is divided by ((-4)/(-2))/((-12)/(-24))?
3
Let m = 10 - 4. Let n(p) = 2*p**3 - 9*p**2 - 19*p + 8. Calculate the remainder when m is divided by n(6).
0
Suppose y + y - 32 = 0. Calculate the remainder when y is divided by -4 + (1/(-2))/(2/(-40)).
4
Let k(x) be the second derivative of x**4/12 + 13*x**2/2 + x. What is the remainder when 37 is divided by k(0)?
11
Let x = 33 - 16. Calculate the remainder when x is divided by (21/35)/(3/30).
5
Let f = 98 + -47. What is the remainder when f is divided by 13?
12
Suppose 3*s - 77 = 4*s. Let f = 150 + s. Calculate the remainder when f is divided by 19.
16
Let q(y) = 6*y - 10. Let o be q(5). Calculate the remainder when 5 is divided by 5*-1*(-16)/o.
1
Let f(h) = 6*h**2 + 3*h + 2. Let j 